f r and 1.
1
Suppose 0 = -4*d - v + 9, 6 = 5*d + v + 2*v. Suppose -6*c = -d*c - 21. Let w be 2/(-8) + 450/8. What is the highest common divisor of w and c?
7
Let n be 1*2 - (-6 + 5 - -3). Suppose -3*v + k = -27, -k = -n*k - 3. Calculate the highest common factor of v and 10.
10
Let w = -219 - -232. What is the highest common divisor of 299 and w?
13
Let y(p) = -4*p - 12. Let d be y(-9). Let s(l) = l**3 + 19*l**2 - 4*l - 52. Let h be s(-19). What is the greatest common factor of h and d?
24
Suppose -c + 3*u + 3 = 0, 2*c - 1 = 5*u + 10. Calculate the highest common divisor of c and 126.
18
Let b be (-12)/(70/45 - 2). What is the greatest common factor of 3 and b?
3
Suppose 3*w = 5*x - 237, 5*x - 244 = w - 5*w. Let s be 4 + 1 + 8 + -1. Calculate the highest common factor of x and s.
12
Suppose -3*y = -j + 7, -y - 2*y = 2*j - 5. Suppose -3*z + j*a + 38 = 0, -a = -4*z - 2*a + 57. What is the greatest common factor of 14 and z?
14
Let k(n) = -n**2 + 7*n - 4. Let u be k(8). Let z = u + 34. Suppose 4*f - 2*f - z = 0. Calculate the greatest common divisor of 22 and f.
11
Let i be (-1 - 1)*(1 - 47). Suppose -2*t = -i - 28. Let c = 17 - 5. What is the highest common divisor of t and c?
12
Let q(m) = -m**3 - 9*m**2 + 10*m + 20. Let z be q(-10). What is the greatest common divisor of 540 and z?
20
Suppose 0 = u - 0*u - 12. Let j = 53 - 30. Let b = j + -15. What is the highest common factor of u and b?
4
Suppose -k - 159 = -2*z, 0 = -z - 19*k + 14*k + 63. Calculate the greatest common factor of 48 and z.
6
Let x = 682 - -2522. Let v be x/162 + (-2)/(-9). Suppose -i = -2*u - 148, -3*i - 2*u + 479 = 67. Calculate the greatest common divisor of i and v.
20
Let v = 44 + -44. Suppose v = 5*q + 3*h - 1280, 706 = 2*q - 2*h + 210. What is the highest common factor of q and 23?
23
Let j be (2 - -1)*(-2 + (-20)/(-6)). Suppose 0 = -2*n, 2*z = j*z + n - 2. What is the highest common divisor of z and 9?
1
Let p(c) = c**2 + 13*c - 11. Let q be (-3)/(-3) + -4 + -11. Let r be p(q). What is the highest common divisor of r and 3?
3
Suppose 0 = 7*k - 10 - 11. Suppose 0 = i + k*b - 25, 210 = 5*i + 4*b - 6*b. Calculate the greatest common factor of i and 10.
10
Let v be 696/18 - (-8)/6. Let i(u) = 5*u**2 - 3*u - 1. Let j be i(-2). Let g = j - 17. Calculate the highest common divisor of g and v.
8
Suppose 3*n - 8 = 7. Let z = 5 + n. Suppose -f + 3*r = 4*f - 162, 4*r + 166 = 5*f. What is the highest common factor of f and z?
10
Let p = -4 + 17. Suppose -p = -m - 3*l - 7, 4*m - 56 = -4*l. Calculate the greatest common factor of m and 54.
18
Let q(l) = -18*l - 2. Suppose 6*s - s + 3*r = -37, 5*s - 4*r + 9 = 0. Let v be q(s). What is the highest common factor of v and 11?
11
Let m be 962/8 - (-1)/(-4). Let j be -40*(-1 + ((-280)/64)/(-7)). Calculate the greatest common factor of j and m.
15
Let d be (1*2/2)/(3/(-387)). Suppose 0 = -5*u + 6*u - 195. Let z = d + u. What is the highest common divisor of z and 6?
6
Let l = -18 + 29. Suppose 0 = -3*i - 2*o - 0*o + 460, -i - 2*o = -156. Let u = -108 + i. What is the highest common divisor of u and l?
11
Let i = 11 + 9. Suppose 47*v - 76 = 112. What is the highest common divisor of i and v?
4
Suppose 5*o = -o + 42. Let a(l) = o*l - 4*l + 7*l - 4*l. Let t be a(2). What is the greatest common divisor of 132 and t?
12
Let g(m) = -m**3 - 6*m**2 + 7*m - 9. Let h be g(-8). Let a = -19 - -61. What is the greatest common factor of a and h?
21
Let x(z) = -z**3 + 10*z**2 - 2*z. Let k be x(10). Let h = k - -40. Calculate the greatest common divisor of 80 and h.
20
Let a be 4 + (-7 - -2 - -5). Suppose -j = -14 + a. Calculate the greatest common divisor of j and 10.
10
Suppose 4*x - 2483 = -871. What is the highest common factor of x and 31?
31
Let s = -35 - 94. Let z = -89 - s. What is the greatest common factor of 320 and z?
40
Let q(t) = 35*t**3 - 2*t + 1. Let a be q(1). Suppose 0 = -6*b + 509 + 919. Calculate the greatest common factor of b and a.
34
Let f = -53 + 78. Suppose 0 = -4*s + 3*d + 119, -2*d + 45 = 2*s - f. What is the highest common factor of s and 128?
32
Suppose 0 = -2*f + 47 + 19. Let v = 73 - f. What is the highest common factor of 10 and v?
10
Suppose 3*z = -2*u + 560 + 251, 0 = -u + 3*z + 428. Calculate the greatest common divisor of u and 7.
7
Let f(z) = -z**3 + 13*z**2 - 18*z - 8. Let a be f(7). Suppose 2*g - 30 = -d, 123 = 4*d + 6*g - g. Calculate the greatest common divisor of d and a.
32
Let u be 5 + 255/(5 - 2). Calculate the highest common factor of 30 and u.
30
Suppose 0 = -4*o - 20, 0*g - 22 = -3*g + 2*o. Let j = 12 - g. Suppose 3*p = 4*w + 44, -4*w + 0*w + 84 = 5*p. What is the greatest common divisor of j and p?
8
Let x = -17620 + 17623. Suppose -3*h = -5*m + 38 - 3, m = 2*h + 7. Calculate the greatest common divisor of x and m.
1
Let h = -1024 + 1026. Calculate the highest common factor of h and 32.
2
Let n = -172 + 174. What is the greatest common factor of n and 62?
2
Let h = 1 - -6. Let l(k) = 6*k - 4. Let f(d) = 32*d - 22. Let b(r) = -6*f(r) + 33*l(r). Let t be b(h). Calculate the highest common divisor of t and 14.
14
Let y(m) = -m**3 - 5*m**2 - m + 7. Let t be y(-6). Let a = -61 - -68. What is the highest common divisor of a and t?
7
Suppose -5*j - 70 = -5*d, -3*d + j = -3*j - 41. Calculate the greatest common factor of 195 and d.
15
Let d(u) = u**3 + 4*u**2 + u + 17. Let j be d(-4). What is the greatest common factor of j and 481?
13
Suppose 35*p = 45*p - 2900. Calculate the highest common divisor of p and 174.
58
Let k = -9 - -9. Suppose h + 5*t - 19 = k, t - 11 = -5*h + 36. Calculate the greatest common factor of h and 45.
9
Suppose -3*q + 7 + 17 = 0. Suppose 0 = -3*b + q*b - 60. What is the highest common factor of b and 132?
12
Suppose 0*x - x = -7. Let f be (-2)/(-8) + 2145/44. Calculate the greatest common factor of x and f.
7
Let k be -3*(-4)/(-18)*(-78)/2. What is the highest common divisor of k and 6?
2
Suppose -9936 = 5*l - 74*l. What is the greatest common divisor of 528 and l?
48
Suppose -2*p + 0*r + 2*r - 64 = 0, 5*p = -3*r - 160. Let b be (-9)/(-2)*p/(-3). Let x be -3 + 57/6 - 2/4. What is the highest common factor of x and b?
6
Suppose 14 = c - 0*c. Suppose -9*g + 15*g - 12 = 0. Let j be ((-321)/(-18))/(g/12) + 5. Calculate the highest common factor of c and j.
14
Suppose -3*i - 8 = 4*a, 2*i + i - 5*a + 17 = 0. Let b be 16*(-2 - 34/i). What is the highest common divisor of 26 and b?
26
Suppose -x + 1 = -22. Suppose 5*p + x = 68. What is the highest common factor of p and 72?
9
Suppose 4*z + 4*g = 17 + 115, 0 = -3*g + 9. Suppose 15 = 2*w - w. Let o be 162/14 + w/35. What is the greatest common factor of o and z?
6
Suppose 2*j = 3*j - 15. Let b(h) = 8 + 40*h + 6 - 30 + 11. Let r be b(2). What is the highest common factor of j and r?
15
Let k be 14 - 2 - (6 - -1). Calculate the highest common divisor of k and 20.
5
Let x = 16 - 15. Let s be (-1*1)/((-2)/6). Suppose 0 = -3*o - 0*p + 2*p + 17, 5*p - 10 = -s*o. Calculate the greatest common divisor of x and o.
1
Suppose 7*t - 16*t + 27 = 0. What is the greatest common divisor of 81 and t?
3
Let d be (-1 + 7)*1/2. Let l(x) = -x**3 + 6*x**2 - 8*x + 9. Let j be l(4). Calculate the highest common factor of j and d.
3
Let f = 4 + 32. Suppose -5*z + 232 = -3*m + 1008, 2*m = -3*z + 492. Calculate the highest common divisor of f and m.
36
Let i(g) = 5*g + 457. Let d be i(-32). What is the highest common divisor of d and 108?
27
Let x(h) = h**2 + 10*h - 19. Let o be x(-9). Let c = o + 28. Suppose 3*k - 66 = -c*k. Calculate the highest common divisor of 88 and k.
22
Suppose -13*k + 4692 = 4*k. What is the highest common factor of 69 and k?
69
Suppose 20*o - 47 - 33 = 0. Calculate the highest common divisor of 34 and o.
2
Let a(m) = 2*m**2 - 49*m - 327. Let s be a(-7). What is the highest common factor of s and 722?
38
Let a = 72 + -49. Let p be (-5)/(-70) + (-5148)/(-56). Calculate the greatest common factor of p and a.
23
Let q = -13 + 5. Let b = -5 - q. Suppose 2*s - 69 = -b*c, -c + 0*c = 3*s - 93. What is the highest common factor of s and 6?
6
Let y be 24/(-9) - -2 - (-624)/(-36). Suppose 0 = 2*w - 19 - 39. Let n = w + y. Calculate the greatest common factor of 99 and n.
11
Let o(i) = 4*i**2 - 8*i - 58. Let x be o(17). Calculate the greatest common facto